547
Calculate the greatest common divisor of 1530 and 1285030.
170
What is the greatest common factor of 107226 and 790188?
966
What is the highest common divisor of 2212280 and 8120?
280
Calculate the greatest common divisor of 2201 and 10163792.
71
What is the highest common factor of 160195 and 19665?
115
Calculate the highest common factor of 3030495 and 1040.
65
Calculate the greatest common factor of 182 and 12503946.
182
Calculate the highest common divisor of 168578 and 1054.
62
Calculate the highest common factor of 8778196 and 28.
28
What is the highest common divisor of 20 and 236459120?
20
What is the highest common factor of 1503 and 15526491?
501
Calculate the highest common factor of 61760961 and 10152.
1269
Calculate the greatest common divisor of 633 and 22775340.
633
What is the greatest common factor of 3584 and 10564778?
14
Calculate the greatest common factor of 278308510 and 69.
23
What is the greatest common divisor of 50 and 2659200?
50
Calculate the highest common divisor of 6 and 4758930.
6
What is the greatest common divisor of 14706697 and 3383?
199
What is the highest common divisor of 34229125 and 23625?
875
Calculate the highest common divisor of 19272 and 45774212.
3212
Calculate the highest common divisor of 14308089 and 59727.
1389
What is the highest common divisor of 4775 and 41575?
25
Calculate the greatest common factor of 374659 and 2537.
43
What is the greatest common factor of 58254 and 55461?
399
Calculate the highest common divisor of 22 and 9096494.
22
What is the greatest common factor of 130677 and 902613?
129
What is the highest common factor of 11421 and 6777729?
1269
What is the greatest common factor of 7876219 and 19295?
3859
Calculate the greatest common factor of 110010412 and 1268.
1268
What is the highest common divisor of 36735 and 468875?
155
What is the highest common factor of 62361 and 16055?
169
What is the greatest common factor of 9856 and 151024?
16
Calculate the highest common factor of 80 and 102743800.
40
What is the greatest common divisor of 4245371 and 13?
13
Calculate the highest common divisor of 5701226 and 27782.
58
Calculate the highest common divisor of 204 and 7456614.
6
What is the greatest common factor of 377660 and 26220?
460
Calculate the greatest common divisor of 31673322 and 54.
54
What is the greatest common divisor of 1269854 and 16?
2
What is the highest common factor of 1040019 and 12059?
31
What is the highest common factor of 1660 and 329276770?
830
What is the highest common factor of 181 and 594707537?
181
What is the highest common divisor of 32674 and 9140288?
1054
What is the highest common factor of 338592 and 1572?
12
What is the greatest common factor of 11281172 and 49?
49
What is the highest common factor of 117 and 1300527?
9
Calculate the highest common divisor of 2987780 and 465.
155
Calculate the greatest common factor of 1393953 and 5088.
159
Calculate the greatest common divisor of 19260172 and 226.
226
What is the highest common divisor of 410825740 and 104?
52
Calculate the highest common divisor of 512156400 and 336.
336
Calculate the greatest common factor of 3315098 and 376.
94
What is the highest common divisor of 32 and 662840272?
16
What is the highest common divisor of 7667 and 165845?
41
What is the highest common divisor of 26 and 15543502?
26
What is the greatest common divisor of 2207304 and 297000?
2376
What is the highest common divisor of 20831118 and 6?
6
What is the highest common factor of 43623945 and 180?
45
Calculate the highest common factor of 317320 and 1256.
8
What is the highest common factor of 1037277 and 4071?
69
Calculate the highest common factor of 144 and 71587896.
24
Calculate the greatest common divisor of 10581496 and 6424.
584
Calculate the greatest common factor of 132 and 42113796.
12
What is the highest common factor of 1259161514 and 52?
26
What is the greatest common divisor of 4856892 and 19976?
908
What is the highest common factor of 35246997 and 4734?
2367
Calculate the greatest common divisor of 5486690 and 2365.
55
Calculate the highest common factor of 675965 and 4695.
5
Calculate the greatest common factor of 1374672 and 2496.
624
Calculate the highest common divisor of 20710780 and 489.
163
What is the greatest common factor of 113647386 and 6?
6
Calculate the highest common divisor of 55161694 and 56.
14
Calculate the greatest common divisor of 1639 and 463287.
11
What is the highest common factor of 222483 and 36?
3
Calculate the greatest common divisor of 4172 and 10258352.
596
Calculate the greatest common factor of 14711 and 3552863.
313
Calculate the highest common divisor of 25644321 and 1962.
981
Calculate the highest common divisor of 4658 and 110874.
34
What is the greatest common factor of 4902 and 368579746?
1634
Calculate the greatest common factor of 229 and 22091401.
229
What is the highest common factor of 7111 and 321149717?
547
What is the greatest common factor of 101094 and 9222?
174
Calculate the highest common divisor of 5632074 and 3906.
126
What is the greatest common factor of 160 and 9164096?
32
What is the greatest common factor of 84 and 263616?
12
Calculate the highest common divisor of 25377132 and 2222.
22
Calculate the highest common factor of 1276 and 444422.
22
Calculate the highest common factor of 24 and 176226.
6
Calculate the greatest common factor of 31575591 and 999.
9
What is the highest common divisor of 251020 and 489?
163
What is the greatest common factor of 40 and 10142920?
40
What is the highest common divisor of 1098729 and 48?
3
Calculate the greatest common divisor of 346 and 2116292738.
346
What is the greatest common divisor of 315930 and 23490?
30
What is the greatest common factor of 143329511 and 13?
13
Calculate the greatest common divisor of 354 and 5515674.
354
What is the highest common divisor of 4705 and 87500767?
941
What is the greatest common divisor of 308 and 7114712?
44
What is the greatest common divisor of 2795 and 66588295?
215
What is the highest common divisor of 2035 and 40685755?
2035
Calculate the greatest common factor of 1264990 and 520.
10
Calculate the greatest common factor of 1559165 and 52735.
995
What is the highest common factor of 56 and 54867106?
14
Calculate the greatest common divisor of 60794 and 250295.
113
Calculate the highest common divisor of 2241 and 1599453.
27
What is the highest common divisor of 862710466 and 1577?
1577
What is the greatest common factor of 114184 and 37688?
56
Calculate the highest common divisor of 127500 and 1887.
51
Calculate the highest common divisor of 35805434 and 2023.
119
Calculate the greatest common factor of 4062 and 585812162.
1354
What is the greatest common divisor of 1298 and 6568298?
22
Calculate the highest common divisor of 51856805 and 70.
35
What is the highest common factor of 3997 and 5026513?
571
Calculate the highest common factor of 2880 and 57722688.
576
Calculate the highest common factor of 21 and 7871955.
21
Calculate the highest common factor of 62463328 and 54242.
1466
What is the greatest common factor of 12544 and 2585576?
56
What is the greatest common factor of 1608302 and 578?
34
Calculate the greatest common divisor of 31450 and 115050390.
6290
What is the greatest common factor of 1466399 and 5302?
11
What is the greatest common divisor of 11163 and 21289?
61
What is the highest common divisor of 1904 and 67476808?
952
Calculate the highest common divisor of 14014 and 3973606.
1274
What is the highest common divisor of 80 and 797510920?
40
What is the highest common factor of 17206 and 28742?
14
Calculate the highest common divisor of 2458836 and 648.
324
What is the greatest common divisor of 258 and 356950998?
258
What is the highest common divisor of 110467 and 816011?
301
Calculate the greatest common factor of 409599 and 957861.
639
What is the greatest common divisor of 267 and 8007241?
89
Calculate the highest common factor of 2763975 and 16851.
411
Calculate the highest common factor of 465 and 12888715.
155
Calculate the highest common factor of 8978916 and 516.
516
What is the greatest common divisor of 168 and 76934424?
168
Calculate the greatest common divisor of 255701138 and 75537.
8393
Calculate the greatest common